Calculate 1 + -4 - (-9 - (6 - 11)).
1
(34 - 29) + (0 - 6)
-1
-1 - (-5 - -5 - 3 - -3)
-1
What is the value of 1 + 4 - 6 - 2?
-3
What is -4 - (-4 + (3 - (-2 - -4)))?
-1
Calculate -2 - -12 - (29 - 22).
3
What is the value of 0 + -7 - (10 + -10 + -3)?
-4
Evaluate 4 - (-2 - -7) - 4.
-5
Calculate 5 - (0 - -2) - (0 - -2).
1
What is the value of 2 - -1 - (3 - -5)?
-5
What is the value of 142 + -151 + (-1 - -12)?
2
3 - (1 - -4) - -4
2
Calculate -10 + (-3 - -10) - -5.
2
Calculate -10 - (8 - 2 - 9).
-7
What is the value of 3 + 2 + -4 + -1 + 5?
5
Evaluate (-1 + -16 - -4) + 8.
-5
What is the value of (7 - 4) + 2 + -1?
4
4 - 6 - (-4 - -6)
-4
Evaluate 1 + 0 - (43 - 47).
5
-10 + 13 + (1 - (-1 - -10))
-5
(5 - 0) + 17 + -24
-2
Evaluate 4 + -1 + (1 - 3) + 1.
2
Evaluate (6 + -5 - 0) + -6.
-5
What is 7 - ((6 - 4) + -1)?
6
Evaluate -6 + -2 + -10 + 23.
5
Calculate -2 + 2 - -7 - 8.
-1
What is the value of 3 + 2 + (-2 - -1) + 0?
4
What is the value of (-1 - -2) + (-18 - -18)?
1
Evaluate (-2 - (-1 + -1)) + (-3 - -1).
-2
12 + 4 + -16 + 6 - 6
0
Calculate (-24 - -24) + 5 + 0.
5
Calculate 6 - (-9 + 5 + 8).
2
-3 + 6 + 2 + -1 - 3
1
What is the value of 0 - -5 - (-7 - -7)?
5
2 + -5 + -5 + -2 + 17
7
Evaluate 2 - (-5 - (4 + -7)).
4
What is the value of 10 + -4 + -3 + 1 + -1?
3
Evaluate -5 + 1 + (6 - (-5 - -12)).
-5
What is the value of (-1 - -6) + -1 + 10 + -13?
1
What is 6 + (-3 + 2 + 2 - 4)?
3
8 - (-4 + (3 - -14))
-5
What is the value of -9 - ((1 - -5) + -9)?
-6
Calculate -2 - -3 - (3 - 4 - -5).
-3
What is the value of 72 + -69 + 1 + -6?
-2
Calculate -8 - 0 - (0 + -10) - 8.
-6
What is 11 + 0 - (34 - 29)?
6
Calculate (20 - 17) + -1 + 0.
2
Evaluate 5 + -16 + (-2 - -10) + -2.
-5
Calculate (5 - -2 - 5 - 1) + 0.
1
(-12 - -27) + -7 + 0
8
Evaluate 1 - (-4 - (-8 - -8)).
5
What is the value of 8 - (3 - (4 - 4))?
5
-2 + (4 + -8 + -7 - -3)
-10
What is the value of (-1 - -3 - 9) + 5?
-2
What is the value of -6 - ((-3 - -2) + 1 - 6)?
0
What is the value of 3 + -1 + -3 + 5 + -4?
0
Evaluate 30 + -27 + -1 + -2.
0
Calculate 2 + 2 + (3 - 9) - 2.
-4
Calculate -15 + (-10 - -24) - -7.
6
What is the value of -1 + 3 - ((0 - 8) + 5)?
5
What is the value of 1 + -5 + (-7 - -7)?
-4
What is the value of 17 + -16 + 0 + 0?
1
What is the value of (-4 - 4) + 10 + -4?
-2
Calculate 0 + (-1 - -1) + 14 + -11.
3
Calculate 6 + -7 + 1 + (2 - 8).
-6
What is the value of -4 + (-6 - -14) + -9?
-5
Evaluate 3 + 1 - (0 - (4 - 6)).
2
What is 0 + 3 - 1 - (-17 + 20)?
-1
-13 + 0 + 0 + 12
-1
What is the value of (-1 - -4) + (-78 - -67)?
-8
What is the value of 7 + -4 + -3 + -1 + 1?
0
Calculate -3 + (0 - 1) - -6.
2
What is the value of 11 - 16 - (2 + -1 - 2)?
-4
Calculate (-16 - 0 - -8) + (-2 - -18).
8
1 - 5 - (8 - 5 - 5)
-2
Evaluate -5 - ((1 - 0) + -10 - -5).
-1
What is -10 - -7 - -3 - 4?
-4
What is 23 + -22 - (-1 + 2 + 0)?
0
Calculate -19 + 22 + -8 - (2 - 0).
-7
What is the value of 1 - (3 - (0 + -1 - -3))?
0
What is (-1 - (-3 - 1)) + 14 + -14?
3
Evaluate -3 - (-2 + (-9 - -12)).
-4
0 - -9 - (5 - -1)
3
Calculate 1 - 4 - (0 - 2).
-1
What is 3 - (5 - (2 + 1) - 3)?
4
Evaluate -1 - -4 - (3 + (-1 - 1)).
2
Evaluate -4 + (-1 + 10 - (3 + 1)).
1
What is -9 + 6 + 0 + (8 - 0)?
5
-7 + (-1 - -5) + 2
-1
Evaluate 0 + 2 + 0 + -6 + 0.
-4
What is 4 - (-1 + 1 - -4)?
0
Evaluate 0 + 6 + -2 + -2.
2
What is the value of -1 - (-2 - 0 - 1)?
2
6 - 11 - -9 - (3 + 1)
0
4 + -6 + (-1 - 2)
-5
What is -4 - (-12 + (3 + -4 - -2))?
7
What is the value of (-16 - -2) + 15 + (-1 - -5)?
5
Calculate 0 - 3 - (-5 + 1 - -2).
-1
Evaluate 2 + 1 + -5 + (31 - 25).
4
What is the value of -8 + 6 + (0 - (-3 + -2))?
3
What is 1 + 7 + 34 + -42?
0
Evaluate 3 + -3 - (4 + -3).
-1
What is 0 - ((0 - (3 - 1)) + 4)?
-2
What is (15 - 14) + 0 + 0 + 1?
2
-1 + -2 + 1 - 3 - -3
-2
Calculate -3 + (-4 - (3 - 8)).
-2
What is 3 - 7 - 1 - -5 - 1?
-1
What is the value of (25 - 12) + (2 - 10)?
5
Calculate -29 + 30 - (4 + 0).
-3
Calculate 7 - (4 - (-3 + 1 - -7)).
8
Calculate 6 + (-6 - -4) + -2.
2
Calculate -19 + 9 - -18 - 16.
-8
1 - (1 + 5 - 2)
-3
Calculate (-4 - (-5 - -1)) + -5.
-5
-1 + 0 + 13 + -7 + -5
0
Calculate (-5 - -2) + 3 + (-2 - -2).
0
Evaluate -11 + (14 - (-9 - -18)).
-6
Calculate (9 - 6) + -3 + 2 + -4.
-2
What is 26 + -13 - 13 - -4?
4
What is (7 + -9 - -2) + -2 + -3?
-5
What is 5 - ((-3 + 8 - 4) + 1)?
3
What is -2 + 5 + 1 + (-3 - 1)?
0
What is 1 + (-12 - -12 - 0)?
1
2 + -6 - (-8 + -1)
5
Evaluate -4 + -1 + (5 - 4).
-4
Calculate -2 - (-11 + 6 + 0).
3
What is 6 + 0 + -3 - 6?
-3
What is -6 - (2 + 3 - (4 - -1))?
-6
Evaluate 2 + -2 + 8 + -3.
5
(-3 - (-8 + 6)) + -3 + 8
4
What is the value of -4 + 0 - (-5 + 6)?
-5
Evaluate 2 + (1 - (-4 + 5)).
2
Calculate -2 - (-5 - (-2 - 2 - 0)).
-1
Calculate 0 + (1 - (0 + 2)).
-1
Evaluate -6 - (-3 + 7) - (3 - 4).
-9
Calculate -13 - 0 - (-28 + 20).
-5
What is (-2 - -5) + (5 - 1) - 4?
3
What is -2 + -2 + -6 + 12?
2
-2 - (-2 - (-6 - 0)) - 2
-8
-2 - ((-4 - -8) + -8)
2
What is -7 + 18 + -4 + -6?
1
Evaluate 7 + (-6 + 1 - (-5 + 0)).
7
What is the value of (23 - (2 + 7)) + -3?
11
Evaluate 2 + (-3 + -4 - -2).
-3
Evaluate (9 - (3 - -4)) + 1.
3
What is the value of -9 + 0 + 2 + -2 + 5?
-4
-2 + -1 - (0 - (4 + -4))
-3
What is the value of -6 - (-11 + 6) - 8?
-9
Calculate -7 + 4 + -4 + (1 - -10).
4
What is the value of 1 + -4 - (-10 - -5)?
2
What is 1 + 5 + -1 + -3?
2
Calculate 3 + (7 - 6 - 3).
1
What is the value of (-1 - -2) + -2 + 5 + -3?
1
Evaluate 2 + -3 + 6 + (-12 - -16).
9
What is (1 - (-4 - -1)) + -1 - 5?
-2
What is -5 + 6 + 0 + -4?
-3
What is the value of 7 + (-3 - 2 - (-7 + 1))?
8
What is the value of -11 - -11 - -13 - 8?
5
-17 + 11 - (-1 + -1 + 1)
-5
Calculate 6 + 4 + -5 + -10.
-5
(-6 - 0 - -10) + (0 - 8)
-4
Evaluate -10 - (5 - (-4 - -3) - 8).
-8
4 - (-1 + 0 + 4 - -1)
0
What is the value of (6 - 1) + (-3 - 3 - -6)?
5
What is the value of 5 + -2 - -1 - 2?
2
What is (4 - (-1 + 6)) + 6?
5
Evaluate 4 + -18 - -6 - -13.
5
Evaluate -3 + -2 - (-8 - (-1 + 1)).
3
(0 - 1) + 3 + (1 - 6)
-3
What is -11 - -5 - (7 + -9)?
-4
(5 - -5 - 4) + -3 + 2
5
-3 + 4 + -2 + 3
2
What is the value of -2 - (-1 + -6) - (-1 - -8)?
-2
Calculate (4 - (3 + 2 + -1)) + 0.
0
Calculate 13 + -2 + -25 + 20.
6
Calculate -8 + (-5 - -11) + -4.
-6
What is 5 + -2 + (1 - 0) + -7?
-3
What is 9 - (2 + -3 - (-14 - -10))?
6
Evaluate 39 + -33 - (0 + 2 - -13).
-9
What is 11 + 2 + (0 - 8)?
5
What is the value of 2 + -5 + -2 + 4?
-1
What is -3 - (-7 - 2 - (-10 + 7))?
3
What is -13 - 0 - (14 - 18)?
-9
Calculate 55 + -65 + (1 - -1).
-8
Calculate 4 - (7 - (-4 - -7)).
0
-1 + 1 + -7 + -129 + 127
-9
What is the value of -112 + 100 + -2 + 9?
-5
What is 16 + (-27 - -8) - (-5 - 0)?
2
What is (1 - (-5 - -2)) + -10 + -1?
-7
Calculate 13 + -15 + (8 - -2) - 2.
6
What is (-4 + (8 - 12) - 1) + 8?
-1
What is -1 + -1 - (-36 - -32)?
2
Evaluate 2 + 0 - 1 - (-3 - -1).
3
-30 + 13 + 12 + 12
7
What is (-3 + (2 - 0) - 4) + -1?
-6
What is 3 - (2 + -4 + 15 + -9)?
-1
Calculate 2 + -1 + 2 + (3 - 11).
-5
Calculate 4 + -5 - (1 + -3 - 0).
1
Evaluate (0 - 4) + (-3 - -2).
-5
Evaluate (-2 - (-4 - -1)) + (-1 - -1).
1
What is 4 + -2 + -4 - (4 + -5)?
-1
What is 4 + 10 + -1 - 11?
2
What is -23 + 16 + 18 - (-1 - -7)?
5
What is (4 - 6) + -3 + (2 - -4)?
1
Calculate -5 - (-6 + -1 + 8 + -3).
-3
What is 5 + (-9 - (1 + -3)) - 3?
-5
Evaluate (-5 - 0) + -8 + 17 - -2.
6
Calculate (7 - 4) + (-2 - 5 - -3).
-1
What is the value of -2 + 4 - (15 - 12)?
-1
What is the value of -3 - (-3 - (1 - -4))?
5
Calculate (-12 - (-9 + -2)) + (0 - -3).
2
What is the value of 1 + (-1 - -9) + -4?
5
What is the value of (12 - 15) + -1 + 1?
-3
Evaluate -15 - (9 + (3 - 20)).
-7
What is the value of (3 - -2) + (2 - 0) + -12?
-5
What is the value of -7 - (-6 + (-1 + 4 - -2))?
-6
Evaluate 1 + 7 + (-9 - 4).
-5
What is the value of (1 - 1) + (56 - 51) + -1?
4
3 + -2 + -8 + 4 + 1
-2
What is (-2 - 3) + 0 - -11?
6
Evaluate 1 - (-3 - -5) - (2 + -1).
-2
What is the value of 48 - 40 - (5 + (-1 - 0))?
4
What is (-1 - 12) + (-62 - -70)?
-5
Calculate -17 + (2 - -6) - -6.
-3
What is the value of -4 - (7 - (9 - 5))?
-7
(10 - -1) + -1 - 5
5
Calculate -3 + 2 + -8 + 9.
0
Calculate -52 - -43 - (-17 - 0).
8
Evaluate -7 - (-1 + -1) - (6 - 11).
0
Calculate -1 - (-17 + 6 - -9).
1
Evaluate (-8 + -1 - -12) + 2.
5
Calculate 5 + (-5 - -12 - 11).
1
Calculate -105 - -109 - (0 + 1).
3
What is 0 - (-8 + (6 - (-6 +